{"id":295,"date":"2019-03-09T12:09:07","date_gmt":"2019-03-09T10:09:07","guid":{"rendered":"http:\/\/consultation-hypnose-paris.fr\/?page_id=295"},"modified":"2020-10-19T15:52:25","modified_gmt":"2020-10-19T13:52:25","slug":"regles-douloureuses","status":"publish","type":"page","link":"https:\/\/consultation-hypnose-paris.fr\/index.php\/regles-douloureuses\/","title":{"rendered":"R\u00e8gles douloureuses"},"content":{"rendered":"<h3 style=\"text-align: center;\">Soulager les r\u00e8gles douloureuses<\/h3>\n<p><img decoding=\"async\" loading=\"lazy\" class=\"aligncenter wp-image-394\" src=\"http:\/\/consultation-hypnose-paris.fr\/wp-content\/uploads\/2019\/03\/rawpixel-1118409-unsplash-300x200.jpg\" alt=\"hypnose pour soulager les r\u00e8gles douloureuses\" width=\"419\" height=\"279\" srcset=\"https:\/\/consultation-hypnose-paris.fr\/wp-content\/uploads\/2019\/03\/rawpixel-1118409-unsplash-300x200.jpg 300w, https:\/\/consultation-hypnose-paris.fr\/wp-content\/uploads\/2019\/03\/rawpixel-1118409-unsplash-768x513.jpg 768w, https:\/\/consultation-hypnose-paris.fr\/wp-content\/uploads\/2019\/03\/rawpixel-1118409-unsplash-1024x683.jpg 1024w, https:\/\/consultation-hypnose-paris.fr\/wp-content\/uploads\/2019\/03\/rawpixel-1118409-unsplash-1200x801.jpg 1200w\" sizes=\"(max-width: 419px) 85vw, 419px\" \/><\/p>\n<h5>Une majorit\u00e9 de femmes concern\u00e9es par les douleurs menstruelles<\/h5>\n<p><img decoding=\"async\" loading=\"lazy\" class=\"alignleft wp-image-397\" src=\"http:\/\/consultation-hypnose-paris.fr\/wp-content\/uploads\/2019\/03\/richard-jaimes-556328-unsplash-200x300.jpg\" alt=\"anxi\u00e9t\u00e9 r\u00e8gles douloureuses dysm\u00e9norrh\u00e9e\" width=\"147\" height=\"221\" srcset=\"https:\/\/consultation-hypnose-paris.fr\/wp-content\/uploads\/2019\/03\/richard-jaimes-556328-unsplash-200x300.jpg 200w, https:\/\/consultation-hypnose-paris.fr\/wp-content\/uploads\/2019\/03\/richard-jaimes-556328-unsplash-768x1152.jpg 768w, https:\/\/consultation-hypnose-paris.fr\/wp-content\/uploads\/2019\/03\/richard-jaimes-556328-unsplash-683x1024.jpg 683w, https:\/\/consultation-hypnose-paris.fr\/wp-content\/uploads\/2019\/03\/richard-jaimes-556328-unsplash-1200x1800.jpg 1200w\" sizes=\"(max-width: 147px) 85vw, 147px\" \/><\/p>\n<p>50% \u00e0 80% des femmes connaissent des douleurs au moment des r\u00e8gles (douleurs menstruelles ou dysm\u00e9norrh\u00e9e) selon le groupe d\u2019\u00e2ge . Cela monte \u00e0 70% chez les adolescentes et repr\u00e9sente la premi\u00e8re cause d\u2019absent\u00e9isme chez les jeunes femmes en \u00e9tudes ou au travail. La dysm\u00e9norrh\u00e9e touche \u00e9galement les femmes \u00e0 l\u2019approche de la m\u00e9nopause.<\/p>\n<h5><\/h5>\n<h5 style=\"text-align: left;\">Les sympt\u00f4mes li\u00e9s aux r\u00e8gles douloureuses<\/h5>\n<p><img decoding=\"async\" loading=\"lazy\" class=\"alignright wp-image-402\" src=\"http:\/\/consultation-hypnose-paris.fr\/wp-content\/uploads\/2019\/03\/abbie-bernet-329631-unsplash-300x200.jpg\" alt=\"hypnose contre les douleurs menstruelles\" width=\"340\" height=\"226\" srcset=\"https:\/\/consultation-hypnose-paris.fr\/wp-content\/uploads\/2019\/03\/abbie-bernet-329631-unsplash-300x200.jpg 300w, https:\/\/consultation-hypnose-paris.fr\/wp-content\/uploads\/2019\/03\/abbie-bernet-329631-unsplash-768x512.jpg 768w, https:\/\/consultation-hypnose-paris.fr\/wp-content\/uploads\/2019\/03\/abbie-bernet-329631-unsplash-1024x683.jpg 1024w, https:\/\/consultation-hypnose-paris.fr\/wp-content\/uploads\/2019\/03\/abbie-bernet-329631-unsplash-1200x800.jpg 1200w\" sizes=\"(max-width: 340px) 85vw, 340px\" \/><\/p>\n<p>Les douleurs menstruelles peuvent aller de la simple g\u00eane \u00e0 la douleur intense et invalidante. Elles peuvent s&rsquo;accompagner de crampes et de spasmes dans le bas du ventre. D\u2019autres sympt\u00f4mes accompagnent les r\u00e8gles douloureuses comme des migraines, malaises, gonflement, naus\u00e9es, fatigue,\u2026<\/p>\n<p>Les sympt\u00f4mes peuvent appara\u00eetre un peu avant les r\u00e8gles, sont au plus fort au moment des saignements les plus importants et peuvent parfois durer un peu apr\u00e8s la fin. Elles sont cycliques, se reproduisant \u00e0 chaque menstruation et peuvent de fait provoquer \u00e9galement une appr\u00e9hension psychologique \u00e0 l\u2019approche de celle-ci.<\/p>\n<h5>Les causes de la dysm\u00e9norrh\u00e9e<\/h5>\n<p>L\u2019ut\u00e9rus est un muscle qui se contracte au moment des r\u00e8gles et le niveau de la contraction peut aller jusqu\u2019\u00e0 la crampe. D\u2019o\u00f9 des douleurs qui peuvent devenir tr\u00e8s aig\u00fces. L\u2019\u00e9quilibre hormonal qui impacte le niveau des contractions est un facteur \u00e9galement d\u00e9terminant. Enfin, il peut y avoir un contexte g\u00e9n\u00e9tique et des comportements \u00e0 risque (boire de l\u2019alcool, fumer, \u2026) qui influent notamment sur un ph\u00e9nom\u00e8ne inflammatoire suppl\u00e9mentaire.<\/p>\n<h5>Les traitements<\/h5>\n<p><img decoding=\"async\" loading=\"lazy\" class=\"alignleft wp-image-398 size-medium\" src=\"http:\/\/consultation-hypnose-paris.fr\/wp-content\/uploads\/2019\/03\/brett-jordan-1379186-unsplash-300x225.jpg\" alt=\"hypnose alternative pour soulager les r\u00e8gles douloureuses\" width=\"300\" height=\"225\" srcset=\"https:\/\/consultation-hypnose-paris.fr\/wp-content\/uploads\/2019\/03\/brett-jordan-1379186-unsplash-300x225.jpg 300w, https:\/\/consultation-hypnose-paris.fr\/wp-content\/uploads\/2019\/03\/brett-jordan-1379186-unsplash-768x576.jpg 768w, https:\/\/consultation-hypnose-paris.fr\/wp-content\/uploads\/2019\/03\/brett-jordan-1379186-unsplash-1024x768.jpg 1024w, https:\/\/consultation-hypnose-paris.fr\/wp-content\/uploads\/2019\/03\/brett-jordan-1379186-unsplash-1200x900.jpg 1200w\" sizes=\"(max-width: 300px) 85vw, 300px\" \/><\/p>\n<p>Souvent les jeunes femmes cherchent au d\u00e9part des solutions dans les m\u00e9decines douces et rem\u00e8des de famille pass\u00e9s de m\u00e8re en fille. Mais d\u00e8s que la douleur devient vraiment invalidante, la seule issue envisag\u00e9e passe par le m\u00e9decin. Ce dernier prescrira des traitements par antispasmodiques, antalgiques et\/ou anti-inflammatoires. La prise anticip\u00e9e de la pilule est parfois propos\u00e9e comme solution de traitement hormonal \u00e0 la jeune fille.<\/p>\n<p>L\u2019hypnose est sans doute la solution la plus pertinente qui soit. En effet, l\u2019efficacit\u00e9 dans le traitement de la douleur (et en particulier des douleurs chroniques) est aujourd\u2019hui pleinement \u00e9tablie. N\u00e9anmoins, le traitement des r\u00e8gles douloureuses par l&rsquo;hypnose n&rsquo;est pas spontan\u00e9ment envisag\u00e9 comme pour d&rsquo;autres probl\u00e9matiques (tabac, insomnies, &#8230;)<\/p>\n<h5>L\u2019hypnose et les r\u00e8gles douloureuses<\/h5>\n<p><img decoding=\"async\" loading=\"lazy\" class=\"aligncenter wp-image-403\" src=\"http:\/\/consultation-hypnose-paris.fr\/wp-content\/uploads\/2019\/03\/rodolfo-sanches-carvalho-495781-unsplash-300x190.jpg\" alt=\"hypnose pour retrouver un lien harmonieux avec sa f\u00e9minit\u00e9\" width=\"471\" height=\"298\" srcset=\"https:\/\/consultation-hypnose-paris.fr\/wp-content\/uploads\/2019\/03\/rodolfo-sanches-carvalho-495781-unsplash-300x190.jpg 300w, https:\/\/consultation-hypnose-paris.fr\/wp-content\/uploads\/2019\/03\/rodolfo-sanches-carvalho-495781-unsplash-768x486.jpg 768w, https:\/\/consultation-hypnose-paris.fr\/wp-content\/uploads\/2019\/03\/rodolfo-sanches-carvalho-495781-unsplash-1024x648.jpg 1024w, https:\/\/consultation-hypnose-paris.fr\/wp-content\/uploads\/2019\/03\/rodolfo-sanches-carvalho-495781-unsplash-1200x760.jpg 1200w\" sizes=\"(max-width: 471px) 85vw, 471px\" \/><\/p>\n<p>Le traitement des r\u00e8gles douloureuses est un des champs d\u2019application de l\u2019hypnose les plus efficaces. Une seule s\u00e9ance suffit. Il n\u2019est pas n\u00e9cessaire, et pour tout dire, il est m\u00eame plus simple que la s\u00e9ance se tienne en dehors de la p\u00e9riode de menstruations.<\/p>\n<p>A travers un questionnement personnalis\u00e9, il est demand\u00e9e \u00e0 la patiente de d\u00e9crire son sympt\u00f4me et l&rsquo;impact que cela g\u00e9n\u00e8re en elle aussi bien physiquement que psychiquement. Avec les \u00e9l\u00e9ments de r\u00e9ponse, nous construisons ensemble les suggestions qui seront \u00e9voqu\u00e9es pendant l&rsquo;\u00e9tat hypnotique. La s\u00e9ance peut commencer !<\/p>\n<p><span style=\"color: #e86b9b;\">Le traitement des r\u00e8gles douloureuses par l&rsquo;hypnose n\u00e9cessite un pr\u00e9 requis indispensable avant la s\u00e9ance\u00a0: Un certificat m\u00e9dical garantissant que les douleurs ne sont pas li\u00e9es \u00e0 des troubles gyn\u00e9cologiques (endom\u00e9triose, troubles ovariens, anomalie cong\u00e9nitale,\u2026).<\/span><\/p>\n<p><img decoding=\"async\" loading=\"lazy\" class=\"aligncenter wp-image-393\" src=\"http:\/\/consultation-hypnose-paris.fr\/wp-content\/uploads\/2019\/03\/michael-dam-258165-unsplash-200x300.jpg\" alt=\"femme souriante pendant sa p\u00e9riode menstruelle\" width=\"349\" height=\"524\" srcset=\"https:\/\/consultation-hypnose-paris.fr\/wp-content\/uploads\/2019\/03\/michael-dam-258165-unsplash-200x300.jpg 200w, https:\/\/consultation-hypnose-paris.fr\/wp-content\/uploads\/2019\/03\/michael-dam-258165-unsplash-768x1152.jpg 768w, https:\/\/consultation-hypnose-paris.fr\/wp-content\/uploads\/2019\/03\/michael-dam-258165-unsplash-683x1024.jpg 683w, https:\/\/consultation-hypnose-paris.fr\/wp-content\/uploads\/2019\/03\/michael-dam-258165-unsplash-1200x1800.jpg 1200w\" sizes=\"(max-width: 349px) 85vw, 349px\" \/><\/p>\n<p>Quelques liens utiles :<\/p>\n<p><a href=\"http:\/\/www.doctissimo.fr\/html\/sante\/mag_2004\/sem02\/1126\/8237-regles-douloureuses-stress.htm\">http:\/\/www.doctissimo.fr\/html\/sante\/regles-douloureuses-stress.htm<\/a><\/p>\n<p><a href=\"https:\/\/www.passeportsante.net\/fr\/Maux\/Problemes\/Fiche.aspx?doc=dysmenorrhee-pm-traitements-medicaux-de-la-dysmenorrhee\">https:\/\/www.passeportsante.net\/fr\/Maux\/traitements-medicaux-de-la-dysmenorrhee<\/a><\/p>\n<p style=\"text-align: right;\"><a href=\"http:\/\/consultation-hypnose-paris.fr\/\">Retour Accueil<\/a><\/p>\n","protected":false},"excerpt":{"rendered":"<p>Soulager les r\u00e8gles douloureuses Une majorit\u00e9 de femmes concern\u00e9es par les douleurs menstruelles 50% \u00e0 80% des femmes connaissent des douleurs au moment des r\u00e8gles (douleurs menstruelles ou dysm\u00e9norrh\u00e9e) selon le groupe d\u2019\u00e2ge . Cela monte \u00e0 70% chez les adolescentes et repr\u00e9sente la premi\u00e8re cause d\u2019absent\u00e9isme chez les jeunes femmes en \u00e9tudes ou au &hellip; <a href=\"https:\/\/consultation-hypnose-paris.fr\/index.php\/regles-douloureuses\/\" class=\"more-link\">Continuer la lecture<span class=\"screen-reader-text\"> de &laquo;&nbsp;R\u00e8gles douloureuses&nbsp;&raquo;<\/span><\/a><\/p>\n","protected":false},"author":1,"featured_media":0,"parent":0,"menu_order":0,"comment_status":"closed","ping_status":"closed","template":"","meta":{"footnotes":""},"yoast_head":"<!-- This site is optimized with the Yoast SEO plugin v22.6 - https:\/\/yoast.com\/wordpress\/plugins\/seo\/ -->\n<title>R\u00e8gles douloureuses - Consultation Hypnose Paris<\/title>\n<meta name=\"description\" content=\"R\u00e8gles douloureuses : D\u00eetes non \u00e0 la fatalit\u00e9. L&#039;hypnose est s\u00fbrement le traitement le plus naturel et le plus efficace pour supprimer ce sympt\u00f4me.\" \/>\n<meta name=\"robots\" content=\"index, follow, max-snippet:-1, max-image-preview:large, max-video-preview:-1\" \/>\n<link rel=\"canonical\" href=\"https:\/\/consultation-hypnose-paris.fr\/index.php\/regles-douloureuses\/\" \/>\n<meta property=\"og:locale\" content=\"fr_FR\" \/>\n<meta property=\"og:type\" content=\"article\" \/>\n<meta property=\"og:title\" content=\"R\u00e8gles douloureuses - Consultation Hypnose Paris\" \/>\n<meta property=\"og:description\" content=\"R\u00e8gles douloureuses : D\u00eetes non \u00e0 la fatalit\u00e9. L&#039;hypnose est s\u00fbrement le traitement le plus naturel et le plus efficace pour supprimer ce sympt\u00f4me.\" \/>\n<meta property=\"og:url\" content=\"https:\/\/consultation-hypnose-paris.fr\/index.php\/regles-douloureuses\/\" \/>\n<meta property=\"og:site_name\" content=\"Consultation Hypnose Paris\" \/>\n<meta property=\"article:modified_time\" content=\"2020-10-19T13:52:25+00:00\" \/>\n<meta property=\"og:image\" content=\"http:\/\/consultation-hypnose-paris.fr\/wp-content\/uploads\/2019\/03\/rawpixel-1118409-unsplash-300x200.jpg\" \/>\n<meta name=\"twitter:card\" content=\"summary_large_image\" \/>\n<meta name=\"twitter:label1\" content=\"Dur\u00e9e de lecture estim\u00e9e\" \/>\n\t<meta name=\"twitter:data1\" content=\"3 minutes\" \/>\n<script type=\"application\/ld+json\" class=\"yoast-schema-graph\">{\"@context\":\"https:\/\/schema.org\",\"@graph\":[{\"@type\":\"WebPage\",\"@id\":\"https:\/\/consultation-hypnose-paris.fr\/index.php\/regles-douloureuses\/\",\"url\":\"https:\/\/consultation-hypnose-paris.fr\/index.php\/regles-douloureuses\/\",\"name\":\"R\u00e8gles douloureuses - Consultation Hypnose Paris\",\"isPartOf\":{\"@id\":\"http:\/\/consultation-hypnose-paris.fr\/#website\"},\"primaryImageOfPage\":{\"@id\":\"https:\/\/consultation-hypnose-paris.fr\/index.php\/regles-douloureuses\/#primaryimage\"},\"image\":{\"@id\":\"https:\/\/consultation-hypnose-paris.fr\/index.php\/regles-douloureuses\/#primaryimage\"},\"thumbnailUrl\":\"http:\/\/consultation-hypnose-paris.fr\/wp-content\/uploads\/2019\/03\/rawpixel-1118409-unsplash-300x200.jpg\",\"datePublished\":\"2019-03-09T10:09:07+00:00\",\"dateModified\":\"2020-10-19T13:52:25+00:00\",\"description\":\"R\u00e8gles douloureuses : D\u00eetes non \u00e0 la fatalit\u00e9. L'hypnose est s\u00fbrement le traitement le plus naturel et le plus efficace pour supprimer ce sympt\u00f4me.\",\"breadcrumb\":{\"@id\":\"https:\/\/consultation-hypnose-paris.fr\/index.php\/regles-douloureuses\/#breadcrumb\"},\"inLanguage\":\"fr-FR\",\"potentialAction\":[{\"@type\":\"ReadAction\",\"target\":[\"https:\/\/consultation-hypnose-paris.fr\/index.php\/regles-douloureuses\/\"]}]},{\"@type\":\"ImageObject\",\"inLanguage\":\"fr-FR\",\"@id\":\"https:\/\/consultation-hypnose-paris.fr\/index.php\/regles-douloureuses\/#primaryimage\",\"url\":\"https:\/\/consultation-hypnose-paris.fr\/wp-content\/uploads\/2019\/03\/rawpixel-1118409-unsplash.jpg\",\"contentUrl\":\"https:\/\/consultation-hypnose-paris.fr\/wp-content\/uploads\/2019\/03\/rawpixel-1118409-unsplash.jpg\",\"width\":6700,\"height\":4472},{\"@type\":\"BreadcrumbList\",\"@id\":\"https:\/\/consultation-hypnose-paris.fr\/index.php\/regles-douloureuses\/#breadcrumb\",\"itemListElement\":[{\"@type\":\"ListItem\",\"position\":1,\"name\":\"Accueil\",\"item\":\"http:\/\/consultation-hypnose-paris.fr\/\"},{\"@type\":\"ListItem\",\"position\":2,\"name\":\"R\u00e8gles douloureuses\"}]},{\"@type\":\"WebSite\",\"@id\":\"http:\/\/consultation-hypnose-paris.fr\/#website\",\"url\":\"http:\/\/consultation-hypnose-paris.fr\/\",\"name\":\"Consultation Hypnose Paris\",\"description\":\"Hypnose ericksonienne\",\"potentialAction\":[{\"@type\":\"SearchAction\",\"target\":{\"@type\":\"EntryPoint\",\"urlTemplate\":\"http:\/\/consultation-hypnose-paris.fr\/?s={search_term_string}\"},\"query-input\":\"required name=search_term_string\"}],\"inLanguage\":\"fr-FR\"}]}<\/script>\n<!-- \/ Yoast SEO plugin. -->","yoast_head_json":{"title":"R\u00e8gles douloureuses - Consultation Hypnose Paris","description":"R\u00e8gles douloureuses : D\u00eetes non \u00e0 la fatalit\u00e9. L'hypnose est s\u00fbrement le traitement le plus naturel et le plus efficace pour supprimer ce sympt\u00f4me.","robots":{"index":"index","follow":"follow","max-snippet":"max-snippet:-1","max-image-preview":"max-image-preview:large","max-video-preview":"max-video-preview:-1"},"canonical":"https:\/\/consultation-hypnose-paris.fr\/index.php\/regles-douloureuses\/","og_locale":"fr_FR","og_type":"article","og_title":"R\u00e8gles douloureuses - Consultation Hypnose Paris","og_description":"R\u00e8gles douloureuses : D\u00eetes non \u00e0 la fatalit\u00e9. L'hypnose est s\u00fbrement le traitement le plus naturel et le plus efficace pour supprimer ce sympt\u00f4me.","og_url":"https:\/\/consultation-hypnose-paris.fr\/index.php\/regles-douloureuses\/","og_site_name":"Consultation Hypnose Paris","article_modified_time":"2020-10-19T13:52:25+00:00","og_image":[{"url":"http:\/\/consultation-hypnose-paris.fr\/wp-content\/uploads\/2019\/03\/rawpixel-1118409-unsplash-300x200.jpg"}],"twitter_card":"summary_large_image","twitter_misc":{"Dur\u00e9e de lecture estim\u00e9e":"3 minutes"},"schema":{"@context":"https:\/\/schema.org","@graph":[{"@type":"WebPage","@id":"https:\/\/consultation-hypnose-paris.fr\/index.php\/regles-douloureuses\/","url":"https:\/\/consultation-hypnose-paris.fr\/index.php\/regles-douloureuses\/","name":"R\u00e8gles douloureuses - Consultation Hypnose Paris","isPartOf":{"@id":"http:\/\/consultation-hypnose-paris.fr\/#website"},"primaryImageOfPage":{"@id":"https:\/\/consultation-hypnose-paris.fr\/index.php\/regles-douloureuses\/#primaryimage"},"image":{"@id":"https:\/\/consultation-hypnose-paris.fr\/index.php\/regles-douloureuses\/#primaryimage"},"thumbnailUrl":"http:\/\/consultation-hypnose-paris.fr\/wp-content\/uploads\/2019\/03\/rawpixel-1118409-unsplash-300x200.jpg","datePublished":"2019-03-09T10:09:07+00:00","dateModified":"2020-10-19T13:52:25+00:00","description":"R\u00e8gles douloureuses : D\u00eetes non \u00e0 la fatalit\u00e9. L'hypnose est s\u00fbrement le traitement le plus naturel et le plus efficace pour supprimer ce sympt\u00f4me.","breadcrumb":{"@id":"https:\/\/consultation-hypnose-paris.fr\/index.php\/regles-douloureuses\/#breadcrumb"},"inLanguage":"fr-FR","potentialAction":[{"@type":"ReadAction","target":["https:\/\/consultation-hypnose-paris.fr\/index.php\/regles-douloureuses\/"]}]},{"@type":"ImageObject","inLanguage":"fr-FR","@id":"https:\/\/consultation-hypnose-paris.fr\/index.php\/regles-douloureuses\/#primaryimage","url":"https:\/\/consultation-hypnose-paris.fr\/wp-content\/uploads\/2019\/03\/rawpixel-1118409-unsplash.jpg","contentUrl":"https:\/\/consultation-hypnose-paris.fr\/wp-content\/uploads\/2019\/03\/rawpixel-1118409-unsplash.jpg","width":6700,"height":4472},{"@type":"BreadcrumbList","@id":"https:\/\/consultation-hypnose-paris.fr\/index.php\/regles-douloureuses\/#breadcrumb","itemListElement":[{"@type":"ListItem","position":1,"name":"Accueil","item":"http:\/\/consultation-hypnose-paris.fr\/"},{"@type":"ListItem","position":2,"name":"R\u00e8gles douloureuses"}]},{"@type":"WebSite","@id":"http:\/\/consultation-hypnose-paris.fr\/#website","url":"http:\/\/consultation-hypnose-paris.fr\/","name":"Consultation Hypnose Paris","description":"Hypnose ericksonienne","potentialAction":[{"@type":"SearchAction","target":{"@type":"EntryPoint","urlTemplate":"http:\/\/consultation-hypnose-paris.fr\/?s={search_term_string}"},"query-input":"required name=search_term_string"}],"inLanguage":"fr-FR"}]}},"jetpack_sharing_enabled":true,"_links":{"self":[{"href":"https:\/\/consultation-hypnose-paris.fr\/index.php\/wp-json\/wp\/v2\/pages\/295"}],"collection":[{"href":"https:\/\/consultation-hypnose-paris.fr\/index.php\/wp-json\/wp\/v2\/pages"}],"about":[{"href":"https:\/\/consultation-hypnose-paris.fr\/index.php\/wp-json\/wp\/v2\/types\/page"}],"author":[{"embeddable":true,"href":"https:\/\/consultation-hypnose-paris.fr\/index.php\/wp-json\/wp\/v2\/users\/1"}],"replies":[{"embeddable":true,"href":"https:\/\/consultation-hypnose-paris.fr\/index.php\/wp-json\/wp\/v2\/comments?post=295"}],"version-history":[{"count":25,"href":"https:\/\/consultation-hypnose-paris.fr\/index.php\/wp-json\/wp\/v2\/pages\/295\/revisions"}],"predecessor-version":[{"id":514,"href":"https:\/\/consultation-hypnose-paris.fr\/index.php\/wp-json\/wp\/v2\/pages\/295\/revisions\/514"}],"wp:attachment":[{"href":"https:\/\/consultation-hypnose-paris.fr\/index.php\/wp-json\/wp\/v2\/media?parent=295"}],"curies":[{"name":"wp","href":"https:\/\/api.w.org\/{rel}","templated":true}]}}